50) + 1/2)*-5. What is the remainder when 173 is divided by (-316)/d + 8/(-14)?
19
Let f = -2230 + 3211. What is the remainder when f is divided by 71?
58
Let w(h) = 316*h + 17. Let r(f) = f. Let g(z) = 3*r(z) - w(z). What is the remainder when g(-1) is divided by 50?
46
Suppose -5*a - 3709 + 197 = -2*c, -5*c = -2*a - 1409. Let g = -470 - a. Calculate the remainder when (1*-1)/(g/(-77) + 3) is divided by 20.
17
Suppose 3*l - 4*p = 5*l - 32, 0 = 4*l - 3*p - 86. Suppose 2*i + 3*c - 49 = l, -c = 5. Let w = i - 40. What is the remainder when 9 is divided by w?
1
Let j = -952 - -960. What is the remainder when 322 is divided by j?
2
Let j(o) = 4444*o**3 + 15*o - 16. Calculate the remainder when j(1) is divided by 18.
15
Suppose -2*y + 3*y + 2*l - 6 = 0, 0 = -2*y + 4*l + 52. Calculate the remainder when ((-152)/y)/((-1)/2) is divided by (-9)/(-6)*(-48)/(-9).
3
Let y = 5 + -11. Let x = -1448 + 1462. What is the remainder when (2/y)/(2/(-1074)) is divided by x?
11
Suppose 0 = -2*v - 39*v - 31*v + 20448. What is the remainder when 725 is divided by v?
157
Let s = 2 + -1. Calculate the remainder when (s + 78/(-10))*-5 is divided by 183/610 - 1406/(-380).
2
What is the remainder when 1479 is divided by 14 - 3706/(-85) - 3/5?
54
Suppose -4*s + 3*w - 67 + 43 = 0, 0 = 2*s - 3*w + 18. Let j be (7 + -1)/((-6)/92). Calculate the remainder when (-36)/(-24)*(2 + j/s) is divided by 17.
15
Suppose -167 = -5*k + 123. Let u = k + -46. Calculate the remainder when 298 is divided by u.
10
Let n(h) = -203*h - 811. Let j be n(-4). Let c be 18/((-1)/(-8)*3). What is the remainder when (-24)/c*-472*j is divided by 34?
32
Suppose -5*p + 2*b + 197 = -284, 5*p + 2*b - 549 = 0. Let s = 111 - 52. Calculate the remainder when p is divided by s.
44
Suppose -356 = -5*k - 2*s + 153, 3*s = -k + 107. What is the remainder when 510 is divided by k?
5
Suppose -438 = -52*t - 13*t - 178. Let y be (-3 + 2)/((-1)/2). Suppose y*r = 0, -2*p - 2*p + 5*r = -44. Calculate the remainder when p is divided by t.
3
Calculate the remainder when (-6)/((-81666)/(-20423) + -4) is divided by 41.
39
Let z = -235 + 250. Calculate the remainder when 22 is divided by z.
7
What is the remainder when (-5)/(30/(-8))*3 is divided by ((-27)/63)/(-2*(-2)/(-28))?
1
Let b(r) = -r**3 + 8*r**2 - r - 5. Let o(t) = -492*t + 1670. What is the remainder when o(3) is divided by b(5)?
64
Let p(l) = 30*l + 173. Let b be p(-6). What is the remainder when 221 is divided by 4*(-9 + 8)*b?
25
Suppose -w = 6*p - 174, 0 = -3*p + 3*w + 83 - 17. What is the remainder when 2771 is divided by p?
27
Let x = 152 - 143. Let p(l) = 5*l - 30. Let q = 37 - 9. Calculate the remainder when q is divided by p(x).
13
Let i(f) = 5*f**2 - 23*f + 51. Calculate the remainder when 57 is divided by i(2).
7
What is the remainder when 6 + 7 + -2 + 42 is divided by 48?
5
Let v be (12/18)/((-20)/(-9) + -2). Suppose -4*r - 33 = v*x, -4*x - 40 = 5*r + x. Calculate the remainder when 86 is divided by (-204)/r - (-2)/(-3).
20
Let w(o) = -o**3 - 12*o**2 + 8*o - 4. Let i = -288 - -529. What is the remainder when i is divided by w(-13)?
58
Let z(v) be the third derivative of -v**6/120 - v**5/60 + 11*v**4/12 + 25*v**3/6 + 3*v**2 + 13*v. What is the remainder when 59 is divided by z(-5)?
14
Suppose 20*l - 745 = 395. Calculate the remainder when (-2)/12 - (-1821)/18 is divided by l.
44
Let o = 2321 - 2310. What is the remainder when 6311 is divided by o?
8
Suppose 0 = -3*q - 15, 9 = 4*s - 4*q + 45. Let p be 6/4 + 7/s. Suppose -2*a - k = -44 - p, -3*a + 70 = k. Calculate the remainder when 61 is divided by a.
11
Suppose 8*t + 3 = 9*t, 0 = h - 3*t - 14. Suppose 25*f + 68 = h*f. What is the remainder when f/(-2) + (-4 - -3 - -1) is divided by 4?
1
Suppose -39*s = 47*s + 52*s - 828. What is the remainder when 2099 is divided by s?
5
Suppose -19*k + 9*k - 50*k = -86580. What is the remainder when k is divided by 1411?
32
Suppose -12*h - 12*h + 418 = -22*h. Calculate the remainder when 600 is divided by h.
182
Let v be 0 + 1 + (1 - 0). Let r be (-3 - -1 - 162)/(-2 + 1). Suppose 4*i = a + 164, -v*i + 2*a + r = 2*i. Calculate the remainder when 119 is divided by i.
37
Let l be (-2)/24*6 - 81/(-2). Suppose -l = -5*k - 13*s + 11*s, -3*k - 7 = -5*s. Calculate the remainder when 196 is divided by k.
4
Suppose -95*o + 17833 + 20927 = 0. Calculate the remainder when o is divided by 134.
6
Let x = 36340 - 36055. Calculate the remainder when 1434 is divided by x.
9
Suppose -7*x + 2*x = -2*g + 508, 4*g = 4*x + 1004. Suppose -2*k + 70 = -2. Calculate the remainder when g is divided by k.
33
Calculate the remainder when (-2)/(8/726)*(-3544)/1329 is divided by 98.
92
Calculate the remainder when 9175 is divided by 376532/5070 - (-4)/(-15).
73
Let n be 70/805 + 14626/23. Suppose -h = -3*v - 159, 4*h - 3*v = -4*v + n. Calculate the remainder when h is divided by 16.
15
Let a be (-2)/(-2 - -1) - (5 + -3). Let u be (70 + -19)*3/(a + 1). Suppose 0 = -34*h + 37*h - u. Calculate the remainder when h is divided by 15.
6
Suppose 0 = -15*h + 133 - 403. What is the remainder when h/(((-6)/8)/((-4)/(-8))) is divided by 11?
1
Suppose 3*k + 28 = -2*g - 53, -161 = 4*g + 5*k. Let h = -3 - g. Let l = 43 - h. What is the remainder when 21 is divided by l?
0
Let g be (0 + 0 - 18)*14/21. Let j(u) = u**3 + 10*u**2 - 18*u + 130. Let k(p) = -p**2 + 16. What is the remainder when j(g) is divided by k(0)?
10
What is the remainder when (904/6)/((-33)/((-2475)/10)) is divided by 227?
222
Calculate the remainder when 1309 is divided by (0 + (2 - -42))*-60*(-18)/216.
209
Let o be 1*4*24/(-32). What is the remainder when 284 is divided by o*52/(-3) - (15 - 11)?
44
Suppose 6 + 47 = 3*q + 2*w, 5*q + 4*w = 91. What is the remainder when (-104)/40*-10 + 2/1 is divided by q?
13
Suppose -5*o - 32*n + 37*n = -15, 2*o - 21 = -n. Let f = -9 + 41. What is the remainder when f is divided by o?
0
Let p = -24517 + 24709. Calculate the remainder when 620 is divided by p.
44
Suppose -5*x = -7*x - 3*m + 294, -m - 588 = -4*x. Calculate the remainder when x is divided by 48.
3
Let d(r) = -r**2 - 30*r - 111. What is the remainder when d(-10) is divided by 18?
17
Suppose -4*w + 126 = -5*v, -2*w - 12*v = -11*v - 56. What is the remainder when (-18 - 0)/((-3)/14) is divided by w?
26
Suppose 2*k = q - 5*q + 784, 581 = 3*q + 5*k. Calculate the remainder when 597 is divided by q.
6
Calculate the remainder when 4 - (8/(-4))/(-6 - (-39592)/6598) is divided by 57.
54
Suppose -20 = -2*n - 6. Let x(a) = a**2 - 13*a + 16. Let y be x(12). Suppose -y*t - 48 + 64 = 0. What is the remainder when n is divided by t?
3
Let f = -1355 - -1493. Calculate the remainder when 197 is divided by f.
59
What is the remainder when 2497 is divided by (-5515)/(-20) + 6/24?
13
Let s(h) = 4*h**2 + 12*h - 20. Let i be s(-5). Suppose 0 = 19*b - i*b + 12. Suppose 3*d - 15 = 54. What is the remainder when d is divided by b?
11
Let f = 123 - 79. Suppose l - f = -3*l. Suppose 9*k + 30 = l*k. Calculate the remainder when 87 is divided by k.
12
Let q = 349 + -748. Let k = q - -472. Calculate the remainder when k is divided by 39.
34
Suppose 5*m - 26*m = -42. Suppose 3*c - 446 + 17 = -3*p, -5*p - m*c = -727. Calculate the remainder when p is divided by 10.
7
Let w(j) = 3*j**2 + 25*j - 20. Let z be w(-12). Let k = 176 - z. Calculate the remainder when k is divided by 13.
12
Let h = -28540 - -29029. Calculate the remainder when h is divided by 425.
64
What is the remainder when 398 + (-50)/300 + 110/12 is divided by 59?
53
What is the remainder when 161 - 166 - (-2133)/3 is divided by 98?
20
Let a(c) = -21*c + 27. Let i(n) = -17*n - 2. Let f be i(0). What is the remainder when 201 is divided by a(f)?
63
Suppose 0 = -641*y + 698*y - 38361. What is the remainder when y is divided by 168?
1
Let h(k) = 8*k**2 - 54*k + 103. Let w(p) = 8*p**2 + 7*p + 5. What is the remainder when w(-9) is divided by h(2)?
23
Suppose -5*p + 3 + 2 = 0. Suppose 5*t - p = 14. Let o = -59552 + 59569. What is the remainder when o is divided by t?
2
Suppose 18*i - 148 = 16*i. Let u = 82 - i. Let j = -199 - -217. Calculate the remainder when j is divided by u.
2
Let g = 1039 - 184. What is the remainder when g is divided by 39?
36
Suppose 4806 = -30*x + 39*x. Suppose g - 5*g + x = -3*m, 0 = 3*g - 5*m 